the prime factors of 3036741906?
2, 3, 11, 46011241
List the prime factors of 48041516.
2, 29, 137, 3023
What are the prime factors of 52040978?
2, 11, 17, 347, 401
List the prime factors of 22140223.
7, 3162889
List the prime factors of 679481252.
2, 29, 619, 9463
List the prime factors of 114771422.
2, 149, 385139
List the prime factors of 37133033.
7, 587, 1291
What are the prime factors of 47539644?
2, 3, 73, 54269
What are the prime factors of 399919416?
2, 3, 13, 61, 21013
List the prime factors of 15324611.
41, 139, 2689
What are the prime factors of 2918624612?
2, 29, 47, 257, 2083
List the prime factors of 20865841.
1153, 18097
List the prime factors of 2871041.
367, 7823
What are the prime factors of 218176551?
3, 23, 409, 859
List the prime factors of 235945967.
139, 1697453
What are the prime factors of 948398212?
2, 10427, 22739
List the prime factors of 60279986.
2, 13, 167, 13883
What are the prime factors of 1986657844?
2, 23, 21594107
What are the prime factors of 1991492758?
2, 995746379
List the prime factors of 2947450949.
2927, 1006987
What are the prime factors of 90973050?
2, 3, 5, 7, 23, 3767
List the prime factors of 2273391246.
2, 3, 7, 2887, 18749
What are the prime factors of 84890086?
2, 151, 181, 1553
What are the prime factors of 500773536?
2, 3, 229, 2531
List the prime factors of 582981681.
3, 12577, 15451
What are the prime factors of 25515219?
3, 47, 180959
List the prime factors of 4445536754.
2, 17, 37, 3533813
What are the prime factors of 83545505?
5, 16709101
List the prime factors of 70938084.
2, 3, 7, 223, 541
List the prime factors of 16777257.
3, 7, 61, 1871
What are the prime factors of 1607742193?
79, 593, 34319
What are the prime factors of 486416239?
89, 5465351
What are the prime factors of 197938713?
3, 7, 19, 23, 21569
List the prime factors of 451310117.
23, 101, 173, 1123
List the prime factors of 5196171936.
2, 3, 1307, 41413
List the prime factors of 805004295.
3, 5, 167, 321359
What are the prime factors of 3182617972?
2, 47, 16928819
List the prime factors of 457880889.
3, 337, 353, 1283
What are the prime factors of 672845947?
19543, 34429
What are the prime factors of 289615621?
17, 43, 149, 2659
List the prime factors of 33389897.
19, 1757363
What are the prime factors of 8263694841?
3, 103, 26743349
List the prime factors of 92316454.
2, 29, 1591663
What are the prime factors of 423642908?
2, 13, 137, 59467
What are the prime factors of 743074790?
2, 5, 79, 173, 5437
What are the prime factors of 61605133?
53, 1162361
List the prime factors of 826630688.
2, 13, 541, 3673
What are the prime factors of 791055291?
3, 13, 19, 1067551
List the prime factors of 41269505.
5, 463, 17827
What are the prime factors of 1116266657?
11, 101478787
List the prime factors of 127251565.
5, 7, 29, 125371
What are the prime factors of 66072378?
2, 3, 199, 55337
List the prime factors of 147888286.
2, 7, 13, 19, 42767
List the prime factors of 5211898898.
2, 127, 20519287
What are the prime factors of 111270258?
2, 3, 11, 727, 773
List the prime factors of 2001192140.
2, 5, 100059607
What are the prime factors of 19248465?
3, 5, 227, 5653
List the prime factors of 547468.
2, 17, 83, 97
What are the prime factors of 86044163?
191, 450493
What are the prime factors of 28919143?
11, 67, 39239
List the prime factors of 71372528.
2, 17, 262399
What are the prime factors of 58653009?
3, 17, 109, 3517
List the prime factors of 153274182.
2, 3, 1061, 24077
What are the prime factors of 303663?
3, 101221
What are the prime factors of 37163512?
2, 167, 27817
What are the prime factors of 60860565?
3, 5, 59, 283
What are the prime factors of 290676254?
2, 11, 23, 397, 1447
List the prime factors of 245640941.
7, 13, 47, 79, 727
What are the prime factors of 303947067?
3, 3137, 32297
What are the prime factors of 82143411?
3, 7, 181, 21611
List the prime factors of 622008958.
2, 1453, 214043
What are the prime factors of 765538311?
3, 4271, 59747
List the prime factors of 2581688087.
11, 2713, 86509
List the prime factors of 4155838256.
2, 61, 4258031
List the prime factors of 1822342600.
2, 5, 13, 29, 24169
List the prime factors of 1706914423.
1913, 892271
What are the prime factors of 1511162968?
2, 7, 191, 141283
What are the prime factors of 79987126?
2, 59, 677857
List the prime factors of 273226299.
3, 1201, 75833
List the prime factors of 5244519.
3, 7, 35677
List the prime factors of 1938326393.
1938326393
What are the prime factors of 29175431?
19, 23, 66763
What are the prime factors of 21599212?
2, 701, 7703
List the prime factors of 84108424.
2, 23, 331, 1381
What are the prime factors of 840122887?
89, 499, 18917
What are the prime factors of 206339965?
5, 13, 17, 186733
List the prime factors of 1934106656.
2, 1373, 44021
What are the prime factors of 2708989902?
2, 3, 241, 624479
List the prime factors of 77247580.
2, 5, 107, 36097
List the prime factors of 46443886.
2, 23221943
List the prime factors of 617839529.
21193, 29153
What are the prime factors of 2907988343?
13, 223691411
What are the prime factors of 320064800?
2, 5, 11, 37, 983
List the prime factors of 1408409311.
229, 6150259
List the prime factors of 1465464669.
3, 67, 1259, 5791
List the prime factors of 2396188257.
3, 6277, 127247
List the prime factors of 350173720.
2, 5, 13, 673411
List the prime factors of 2786097775.
5, 19, 409, 14341
What are the prime factors of 154208068?
2, 7, 223, 24697
What are the prime factors of 399062407?
109, 3661123
What are the prime factors of 4791347348?
2, 283, 523, 8093
List the prime factors of 3118249302.
2, 3, 7, 29, 2560139
List the prime factors of 499064260.
2, 5, 19, 773, 1699
What are the prime factors of 85104136?
2, 13, 818309
What are the prime factors of 11039554?
2, 547, 10091
What are the prime factors of 29509676?
2, 7, 59, 17863
List the prime factors of 25990128.
2, 3, 101, 1787
What are the prime factors of 97113780?
2, 3, 5, 43, 12547
What are the prime factors of 38620244?
2, 13, 742697
What are the prime factors of 673276710?
2, 3, 5, 79, 284083
List the prime factors of 1116551659.
691, 1615849
List the prime factors of 20596666.
2, 10298333
List the prime factors of 481624849.
481624849
What are the prime factors of 405191375?
5, 3241531
List the prime factors of 60626639.
173, 350443
What are the prime factors of 1931044954?
2, 239, 4039843
What are the prime factors of 173525663?
61, 157, 18119
What are the prime factors of 29716339?
29716339
List the prime factors of 64561521.
3, 21520507
List the prime factors of 77185756.
2, 19296439
List the prime factors of 156669664.
2, 787, 6221
List the prime factors of 23795597.
7, 17, 359, 557
What are the prime factors of 677331896?
2, 31, 2731177
What are the prime factors of 124481381?
124481381
List the prime factors of 429772358.
2, 43, 4997353
List the prime factors of 1752174107.
1752174107
List the prime factors of 2050907679.
3, 10657, 21383
What are the prime factors of 16140246?
2, 3, 2690041
List the prime factors of 14884141.
83, 179327
List the prime factors of 960109952.
2, 17, 433, 1019
List the prime factors of 403717073.
19, 151, 140717
What are the prime factors of 73800?
2, 3, 5, 41
List the prime factors of 318558494.
2, 79, 2016193
What are the prime factors of 12434237?
23, 540619
List the prime factors of 182941357.
37, 4944361
What are the prime factors of 1210078469?
41, 29514109
List the prime factors of 703097835.
3, 5, 11, 4261199
List the prime factors of 12697199.
2543, 4993
List the prime factors of 86495397.
3, 569, 50671
List the prime factors of 18891545.
5, 101, 37409
What are the prime factors of 1110363292?
2, 229, 1212187
What are the prime factors of 6487137579?
3, 13, 97, 1714813
List the prime factors of 749109799.
749109799
List the prime factors of 36326916.
2, 3, 31, 43, 757
What are the prime factors of 355399646?
2, 7, 103, 137, 257
What are the prime factors of 660902749?
13, 50838673
What are the prime factors of 52823258?
2, 179, 147551
List the prime factors of 21154876.
2, 71, 74489
What are the prime factors of 345526602?
2, 3, 239, 240953
List the prime factors of 553873011.
3, 4523, 40819
List the prime factors of 564601044.
2, 3, 7, 823, 8167
List the prime factors o